{"id":568,"date":"2016-06-13T19:12:19","date_gmt":"2016-06-13T19:12:19","guid":{"rendered":"http:\/\/www.hunde-lounge.com\/?page_id=568"},"modified":"2016-06-13T19:12:19","modified_gmt":"2016-06-13T19:12:19","slug":"agbs-2","status":"publish","type":"page","link":"http:\/\/www.hunde-lounge.com\/?page_id=568","title":{"rendered":"AGBs"},"content":{"rendered":"<h1>AGB Allgemeine Gesch\u00e4ftsbedingungen | Haftungshinweis<\/h1>\n<p>Hunde-Lounge \u00fcbernimmt keinerlei Gew\u00e4hr f\u00fcr die Aktualit\u00e4t, Korrektheit, Vollst\u00e4ndigkeit oder Qualit\u00e4t der bereitgestellten Informationen.<\/p>\n<p>Haftungsanspr\u00fcche gegen Hunde-Lounge, welche sich auf Sch\u00e4den materieller oder ideeller Art beziehen, die durch die Nutzung oder Nichtnutzung der dargebotenen Informationen bzw. durch die Nutzung fehlerhafter und unvollst\u00e4ndiger Informationen verursacht wurden, sind grunds\u00e4tzlich ausgeschlossen. Alle Angebote sind freibleibend und unverbindlich.<\/p>\n<p>Hunde-Lounge beh\u00e4lt es sich ausdr\u00fccklich vor, Teile der Seiten oder das gesamte Angebot ohne gesonderte Ank\u00fcndigung zu ver\u00e4ndern, zu erg\u00e4nzen, zu l\u00f6schen oder die Ver\u00f6ffentlichung zeitweise oder endg\u00fcltig einzustellen. Trotz sorgf\u00e4ltiger inhaltlicher Kontrolle \u00fcbernehmen wir keine Haftung f\u00fcr die Inhalte externer Links. F\u00fcr den Inhalt der verlinkten Seiten sind ausschlie\u00dflich deren Betreiber verantwortlich.<\/p>\n<p>Der Inhalt (Bilder, Texte und sonstige Daten) dieser Homepage sind urheberrechtlich gesch\u00fctzt. Alle Rechte, auch die des Nachdrucks und der Vervielf\u00e4ltigung des Inhalts oder Teilen daraus, sind vorbehalten. Sofern Teile oder einzelne Formulierungen dieses Textes der geltenden Rechtslage nicht, nicht mehr oder nicht vollst\u00e4ndig entsprechen sollten, bleiben die \u00fcbrigen Teile des Dokumentes in ihrem Inhalt und ihrer G\u00fcltigkeit davon unber\u00fchrt.<\/p>\n<h2>Leistung<\/h2>\n<p>Alle Pflegebehandlungen an Hunden i n der Hunde-Lounge werden nach Ma\u00dfgabe dieser Allgemeinen Gesch\u00e4ftsbedingungen und nach den fachlichen Qualit\u00e4tsgrunds\u00e4tzen ausgef\u00fchrt. Im Mittelpunkt aller Ma\u00dfnahmen stehen die Gesunderhaltung des Tieres und die Beachtung des Tierschutzes. Generell und grunds\u00e4tzlich beh\u00e4lt sich die Hunde-Lounge vor, Auftr\u00e4ge anzunehmen oder abzulehnen; ihre Ausf\u00fchrung liegt im pflichtgem\u00e4\u00dfen Ermessen vonHunde-Lounge.<\/p>\n<p>Wir arbeiten nach Terminvereinbarung! Sollte der Kunde verhindert sein, bitten wir, den Termin rechtzeitig (mindestens 24 Stunden vorher) abzusagen, damit wir diesen Termin neu vergeben k\u00f6nnen.<\/p>\n<p>Sollte ihr Termin f\u00fcr Ihr Tier nicht rechtzeitig bei Hunde-Lounge abgesagt worden sein, stellen wir Ihnen die nicht beanspruchte Zeit in voller Rechnung.<\/p>\n<h2>Preise\/Bezahlung<\/h2>\n<p>Die Preise richten sich nach Rasse, Gr\u00f6\u00dfe und Fellzustand und werden individuell nach Arbeitsaufwand bestimmt und festgelegt.<\/p>\n<p>Entstehende oder separat zu beauftragende Leistungen sind:<\/p>\n<p>Entfilzen des Hundes, dazu ggf. erforderliche Pflegeprodukte, Parasitenbehandlung.<\/p>\n<p>Zeitverz\u00f6gerungen durch Unruhe des Hundes oder durch St\u00f6rungen des Besitzers werden als Mehraufwand in Rechnung gestellt.<\/p>\n<p>Die Bezahlung des Behandlungspreises, der sich aus diesen AGB und der Beauftragung ergibt, ist bei Abholung des Tieres sofort bar f\u00e4llig. Es gibt keine Pflege auf Rechnung.<\/p>\n<h2>Haftung<\/h2>\n<p>Der Tierhalter versichert, dass es mit dem\/den zu betreuenden Tier(en) bisher zu keinerlei Vorf\u00e4llen gekommen ist, die einer Ordnungsbeh\u00f6rde zur Anzeige gebracht werden mussten. Den Aufenthalt bei uns in der Hunde-Lounge soll ihr Hund m\u00f6glichst angenehm und stressfrei empfinden.<\/p>\n<p>Bei sehr unruhigen Hunden kann sich die Verletzungsgefahr erh\u00f6hen. Gleiches gilt f\u00fcr Hunde mit stark verfilztem Fell. In beiden F\u00e4llen \u00fcbernehmen wir keine Haftung.<\/p>\n<p>Verletzungen des Personals durch Ihren Hund m\u00fcssen durch Ihre Hundeversicherung abgedeckt sein.<\/p>\n<p>Bei gro\u00dfen und bissigen Hunden bitten wir den Besitzer, w\u00e4hrend des Schneidens um Anwesenheit sowie wir um Verst\u00e4ndnis, dass dem Tier ein Maulkorb angelegt werden muss.<\/p>\n<p>F\u00fcr alle Hunde besteht grunds\u00e4tzlich eine g\u00fcltige Haftpflichtversicherung.<\/p>\n<p>Sollte das Tier w\u00e4hrend des Betreuungszeitraums erkranken oder sich verletzen, wird prim\u00e4r der betreuende Tierarzt eingeschaltet. Sollte dieser nicht erreichbar sein, beh\u00e4lt sich Hunde-Lounge vor, einen anderen Tierarzt oder eine Tierklinik aufzusuchen. Die hierbei anfallenden Kosten sind ausschlie\u00dflich von dem Tierhalter zu tragen. F\u00fcr Sch\u00e4den oder Krankheiten, die das Tier w\u00e4hrend der Abwesenheit seines Tierhalters bzw. w\u00e4hrend der Pflegezeit erleidet, kann Hunde-Lounge nicht haftbar gemacht werden. Die Haftung von Hunde-Lounge wird ausdr\u00fccklich auf Vorsatz und grobe Fahrl\u00e4ssigkeit beschr\u00e4nkt.<\/p>\n<p>Sollten w\u00e4hrend der Leistungserbringung schuldhaft verursachte Sch\u00e4den entstehen, so haftet Hunde-Lounge im Rahmen einer bestehenden Betriebs-Haftpflichtversicherung. Diese sind umgehend nach Kenntnisnahme der Hunde-Lounge zu melden. Die Hunde-Lounge haftet nicht, wenn Sch\u00e4den durch h\u00f6here Gewalt entstehen, wenn trotz Vorsichtsma\u00dfnahmen das Tier entflieht und hieraus dem Auftragnehmer oder Dritten ein Schaden entsteht, wenn durch Pflegeprodukte trotz ausgewiesener Vertr\u00e4glichkeit Sch\u00e4den entstehen oder wenn durch zu starke Verfilzung oder zu starke Unruhe des Hundes das Tier bei unserer Arbeit trotz der diesbez\u00fcglichen Vorsichtsma\u00dfnahmen verletzt wird. Das Tier ist unmittelbar nach der Behandlung auf etwaige Behandlungsm\u00e4ngel zu untersuchen, die dann auch gleich korrigiert werden k\u00f6nnen. Sp\u00e4tere Beanstandungen k\u00f6nnen nicht anerkannt werden.<\/p>\n<p>Liegt ein vom Auftragnehmer zu vertretender Mangel vor, der nicht umgehend korrigiert werden kann, ist die Hunde-Lounge zu mindestens zwei Nachbesserungen berechtigt, bevor Ersatzvornahmen oder Zusatzkosten etc. vom Hundebesitzer geltend gemacht werden k\u00f6nnen.<\/p>\n<p>Die zum Tier oder seinem Besitzer gespeicherten Daten werden vertraulich im Sinne des Datenschutzgesetzes behandelt und nicht an Dritte weiter gegeben. Sollten Teile dieser Allgemeinen Gesch\u00e4ftsbedingungen unwirksam sein oder werden, sind diese durch Regelungen zu ersetzten, die dem beabsichtigten Handeln bzw. Gesch\u00e4ftsergebnis am n\u00e4chsten kommen.<\/p>\n<h2>Gerichtsstand<\/h2>\n<p>Gerichtsstand ist stets Oldenburg.<\/p>\n<p>S\u00e4mtliche Leistungen von Hunde-Lounge erfolgen ausschlie\u00dflich auf Grundlage der Allgemeinen Gesch\u00e4ftsbedingungen.<\/p>\n","protected":false},"excerpt":{"rendered":"<p>AGB Allgemeine Gesch\u00e4ftsbedingungen | Haftungshinweis Hunde-Lounge \u00fcbernimmt keinerlei Gew\u00e4hr f\u00fcr die Aktualit\u00e4t, Korrektheit, Vollst\u00e4ndigkeit oder Qualit\u00e4t der bereitgestellten Informationen. Haftungsanspr\u00fcche gegen Hunde-Lounge, welche sich auf Sch\u00e4den materieller oder ideeller Art beziehen, die durch die Nutzung oder Nichtnutzung der dargebotenen Informationen bzw. durch die Nutzung fehlerhafter und unvollst\u00e4ndiger Informationen verursacht wurden, sind grunds\u00e4tzlich ausgeschlossen. Alle Angebote [&hellip;]<\/p>\n","protected":false},"author":2,"featured_media":0,"parent":0,"menu_order":0,"comment_status":"open","ping_status":"open","template":"","meta":[],"_links":{"self":[{"href":"http:\/\/www.hunde-lounge.com\/index.php?rest_route=\/wp\/v2\/pages\/568"}],"collection":[{"href":"http:\/\/www.hunde-lounge.com\/index.php?rest_route=\/wp\/v2\/pages"}],"about":[{"href":"http:\/\/www.hunde-lounge.com\/index.php?rest_route=\/wp\/v2\/types\/page"}],"author":[{"embeddable":true,"href":"http:\/\/www.hunde-lounge.com\/index.php?rest_route=\/wp\/v2\/users\/2"}],"replies":[{"embeddable":true,"href":"http:\/\/www.hunde-lounge.com\/index.php?rest_route=%2Fwp%2Fv2%2Fcomments&post=568"}],"version-history":[{"count":3,"href":"http:\/\/www.hunde-lounge.com\/index.php?rest_route=\/wp\/v2\/pages\/568\/revisions"}],"predecessor-version":[{"id":571,"href":"http:\/\/www.hunde-lounge.com\/index.php?rest_route=\/wp\/v2\/pages\/568\/revisions\/571"}],"wp:attachment":[{"href":"http:\/\/www.hunde-lounge.com\/index.php?rest_route=%2Fwp%2Fv2%2Fmedia&parent=568"}],"curies":[{"name":"wp","href":"https:\/\/api.w.org\/{rel}","templated":true}]}}